{"id":1761,"date":"2025-12-09T09:53:07","date_gmt":"2025-12-09T09:53:07","guid":{"rendered":"https:\/\/algaefood.eu\/?post_type=tribe_events&#038;p=1761"},"modified":"2025-12-09T09:53:07","modified_gmt":"2025-12-09T09:53:07","slug":"algae-food-bei-den-suedjuetland-meisterschaften-sonderjyske-mesterskaber-i-faellesskaber","status":"publish","type":"tribe_events","link":"https:\/\/algaefood.eu\/da\/event\/algae-food-bei-den-suedjuetland-meisterschaften-sonderjyske-mesterskaber-i-faellesskaber\/","title":{"rendered":"Algemad ved de S\u00f8nderjyske mesterskaber i F\u00e6llesskaber"},"content":{"rendered":"<p>AlgaeFood deltog i festivalen \"S\u00f8nderjyske mesterskaber i F\u00e6llesskaber\" p\u00e5 Kalv\u00f8. Der blev serveret smagspr\u00f8ver p\u00e5 tang og fortalt om tangens positive egenskaber og virkninger p\u00e5 havmilj\u00f8et. Smagspr\u00f8verne blev positivt modtaget og flere begav sig ned  til stranden for selv at samle den lokale tang.<\/p>","protected":false},"excerpt":{"rendered":"<p>AlgaeFood nahm am Festival \u201eS\u00f8nderjyske mesterskaber i F\u00e6llesskaber\u201d (S\u00fcdj\u00fctland-Meisterschaften in den Gemeinden) auf Kalv\u00f8 teil. Dort wurden Kostproben von Seetang serviert und \u00fcber die positiven Eigenschaften und Auswirkungen von Seetang [&hellip;]<\/p>\n","protected":false},"author":1,"featured_media":1762,"template":"","meta":{"_tribe_events_status":"","_tribe_events_status_reason":"","footnotes":""},"tags":[],"tribe_events_cat":[],"class_list":["post-1761","tribe_events","type-tribe_events","status-publish","has-post-thumbnail","hentry"],"yoast_head":"<!-- This site is optimized with the Yoast SEO plugin v27.5 - https:\/\/yoast.com\/product\/yoast-seo-wordpress\/ -->\n<title>Algae Food bei den S\u00fcdj\u00fctland-Meisterschaften &quot;S\u00f8nderjyske mesterskaber i F\u00e6llesskaber&quot; | AlgaeFood<\/title>\n<meta name=\"robots\" content=\"index, follow, max-snippet:-1, max-image-preview:large, max-video-preview:-1\" \/>\n<link rel=\"canonical\" href=\"https:\/\/algaefood.eu\/da\/event\/algae-food-bei-den-suedjuetland-meisterschaften-sonderjyske-mesterskaber-i-faellesskaber\/\" \/>\n<meta property=\"og:locale\" content=\"da_DK\" \/>\n<meta property=\"og:type\" content=\"article\" \/>\n<meta property=\"og:title\" content=\"Algae Food bei den S\u00fcdj\u00fctland-Meisterschaften &quot;S\u00f8nderjyske mesterskaber i F\u00e6llesskaber&quot; | AlgaeFood\" \/>\n<meta property=\"og:description\" content=\"AlgaeFood nahm am Festival \u201eS\u00f8nderjyske mesterskaber i F\u00e6llesskaber\u201d (S\u00fcdj\u00fctland-Meisterschaften in den Gemeinden) auf Kalv\u00f8 teil. Dort wurden Kostproben von Seetang serviert und \u00fcber die positiven Eigenschaften und Auswirkungen von Seetang [&hellip;]\" \/>\n<meta property=\"og:url\" content=\"https:\/\/algaefood.eu\/da\/event\/algae-food-bei-den-suedjuetland-meisterschaften-sonderjyske-mesterskaber-i-faellesskaber\/\" \/>\n<meta property=\"og:site_name\" content=\"AlgaeFood\" \/>\n<meta property=\"og:image\" content=\"https:\/\/algaefood.eu\/wp-content\/uploads\/2025\/12\/Kalvo-2-scaled.jpg\" \/>\n\t<meta property=\"og:image:width\" content=\"2560\" \/>\n\t<meta property=\"og:image:height\" content=\"1920\" \/>\n\t<meta property=\"og:image:type\" content=\"image\/jpeg\" \/>\n<meta name=\"twitter:card\" content=\"summary_large_image\" \/>\n<meta name=\"twitter:label1\" content=\"Estimeret l\u00e6setid\" \/>\n\t<meta name=\"twitter:data1\" content=\"1 minut\" \/>\n<script type=\"application\/ld+json\" class=\"yoast-schema-graph\">{\"@context\":\"https:\\\/\\\/schema.org\",\"@graph\":[{\"@type\":\"WebPage\",\"@id\":\"https:\\\/\\\/algaefood.eu\\\/event\\\/algae-food-bei-den-suedjuetland-meisterschaften-sonderjyske-mesterskaber-i-faellesskaber\\\/\",\"url\":\"https:\\\/\\\/algaefood.eu\\\/event\\\/algae-food-bei-den-suedjuetland-meisterschaften-sonderjyske-mesterskaber-i-faellesskaber\\\/\",\"name\":\"Algae Food bei den S\u00fcdj\u00fctland-Meisterschaften \\\"S\u00f8nderjyske mesterskaber i F\u00e6llesskaber\\\" | AlgaeFood\",\"isPartOf\":{\"@id\":\"https:\\\/\\\/algaefood.eu\\\/#website\"},\"primaryImageOfPage\":{\"@id\":\"https:\\\/\\\/algaefood.eu\\\/event\\\/algae-food-bei-den-suedjuetland-meisterschaften-sonderjyske-mesterskaber-i-faellesskaber\\\/#primaryimage\"},\"image\":{\"@id\":\"https:\\\/\\\/algaefood.eu\\\/event\\\/algae-food-bei-den-suedjuetland-meisterschaften-sonderjyske-mesterskaber-i-faellesskaber\\\/#primaryimage\"},\"thumbnailUrl\":\"https:\\\/\\\/algaefood.eu\\\/wp-content\\\/uploads\\\/2025\\\/12\\\/Kalvo-2-scaled.jpg\",\"datePublished\":\"2025-12-09T09:53:07+00:00\",\"breadcrumb\":{\"@id\":\"https:\\\/\\\/algaefood.eu\\\/event\\\/algae-food-bei-den-suedjuetland-meisterschaften-sonderjyske-mesterskaber-i-faellesskaber\\\/#breadcrumb\"},\"inLanguage\":\"da-DK\",\"potentialAction\":[{\"@type\":\"ReadAction\",\"target\":[\"https:\\\/\\\/algaefood.eu\\\/event\\\/algae-food-bei-den-suedjuetland-meisterschaften-sonderjyske-mesterskaber-i-faellesskaber\\\/\"]}]},{\"@type\":\"ImageObject\",\"inLanguage\":\"da-DK\",\"@id\":\"https:\\\/\\\/algaefood.eu\\\/event\\\/algae-food-bei-den-suedjuetland-meisterschaften-sonderjyske-mesterskaber-i-faellesskaber\\\/#primaryimage\",\"url\":\"https:\\\/\\\/algaefood.eu\\\/wp-content\\\/uploads\\\/2025\\\/12\\\/Kalvo-2-scaled.jpg\",\"contentUrl\":\"https:\\\/\\\/algaefood.eu\\\/wp-content\\\/uploads\\\/2025\\\/12\\\/Kalvo-2-scaled.jpg\",\"width\":2560,\"height\":1920},{\"@type\":\"BreadcrumbList\",\"@id\":\"https:\\\/\\\/algaefood.eu\\\/event\\\/algae-food-bei-den-suedjuetland-meisterschaften-sonderjyske-mesterskaber-i-faellesskaber\\\/#breadcrumb\",\"itemListElement\":[{\"@type\":\"ListItem\",\"position\":1,\"name\":\"Home\",\"item\":\"https:\\\/\\\/algaefood.eu\\\/\"},{\"@type\":\"ListItem\",\"position\":2,\"name\":\"Events\",\"item\":\"https:\\\/\\\/algaefood.eu\\\/events\\\/\"},{\"@type\":\"ListItem\",\"position\":3,\"name\":\"Algae Food bei den S\u00fcdj\u00fctland-Meisterschaften &#8220;S\u00f8nderjyske mesterskaber i F\u00e6llesskaber&#8221;\"}]},{\"@type\":\"WebSite\",\"@id\":\"https:\\\/\\\/algaefood.eu\\\/#website\",\"url\":\"https:\\\/\\\/algaefood.eu\\\/\",\"name\":\"AlgaeFood\",\"description\":\"AlgaeFood | Algenfutter | Algemad\",\"publisher\":{\"@id\":\"https:\\\/\\\/algaefood.eu\\\/#organization\"},\"alternateName\":\"Algae Food\",\"potentialAction\":[{\"@type\":\"SearchAction\",\"target\":{\"@type\":\"EntryPoint\",\"urlTemplate\":\"https:\\\/\\\/algaefood.eu\\\/?s={search_term_string}\"},\"query-input\":{\"@type\":\"PropertyValueSpecification\",\"valueRequired\":true,\"valueName\":\"search_term_string\"}}],\"inLanguage\":\"da-DK\"},{\"@type\":\"Organization\",\"@id\":\"https:\\\/\\\/algaefood.eu\\\/#organization\",\"name\":\"Algae Food Project\",\"url\":\"https:\\\/\\\/algaefood.eu\\\/\",\"logo\":{\"@type\":\"ImageObject\",\"inLanguage\":\"da-DK\",\"@id\":\"https:\\\/\\\/algaefood.eu\\\/#\\\/schema\\\/logo\\\/image\\\/\",\"url\":\"https:\\\/\\\/algaefood.eu\\\/wp-content\\\/uploads\\\/2024\\\/09\\\/AlgaeFood-Logo-green1-circle.png\",\"contentUrl\":\"https:\\\/\\\/algaefood.eu\\\/wp-content\\\/uploads\\\/2024\\\/09\\\/AlgaeFood-Logo-green1-circle.png\",\"width\":560,\"height\":530,\"caption\":\"Algae Food Project\"},\"image\":{\"@id\":\"https:\\\/\\\/algaefood.eu\\\/#\\\/schema\\\/logo\\\/image\\\/\"},\"sameAs\":[\"https:\\\/\\\/www.instagram.com\\\/algaefood_interreg\\\/\"]}]}<\/script>\n<!-- \/ Yoast SEO plugin. -->","yoast_head_json":{"title":"Algae Food bei den S\u00fcdj\u00fctland-Meisterschaften \"S\u00f8nderjyske mesterskaber i F\u00e6llesskaber\" | AlgaeFood","robots":{"index":"index","follow":"follow","max-snippet":"max-snippet:-1","max-image-preview":"max-image-preview:large","max-video-preview":"max-video-preview:-1"},"canonical":"https:\/\/algaefood.eu\/da\/event\/algae-food-bei-den-suedjuetland-meisterschaften-sonderjyske-mesterskaber-i-faellesskaber\/","og_locale":"da_DK","og_type":"article","og_title":"Algae Food bei den S\u00fcdj\u00fctland-Meisterschaften \"S\u00f8nderjyske mesterskaber i F\u00e6llesskaber\" | AlgaeFood","og_description":"AlgaeFood nahm am Festival \u201eS\u00f8nderjyske mesterskaber i F\u00e6llesskaber\u201d (S\u00fcdj\u00fctland-Meisterschaften in den Gemeinden) auf Kalv\u00f8 teil. Dort wurden Kostproben von Seetang serviert und \u00fcber die positiven Eigenschaften und Auswirkungen von Seetang [&hellip;]","og_url":"https:\/\/algaefood.eu\/da\/event\/algae-food-bei-den-suedjuetland-meisterschaften-sonderjyske-mesterskaber-i-faellesskaber\/","og_site_name":"AlgaeFood","og_image":[{"width":2560,"height":1920,"url":"https:\/\/algaefood.eu\/wp-content\/uploads\/2025\/12\/Kalvo-2-scaled.jpg","type":"image\/jpeg"}],"twitter_card":"summary_large_image","twitter_misc":{"Estimeret l\u00e6setid":"1 minut"},"schema":{"@context":"https:\/\/schema.org","@graph":[{"@type":"WebPage","@id":"https:\/\/algaefood.eu\/event\/algae-food-bei-den-suedjuetland-meisterschaften-sonderjyske-mesterskaber-i-faellesskaber\/","url":"https:\/\/algaefood.eu\/event\/algae-food-bei-den-suedjuetland-meisterschaften-sonderjyske-mesterskaber-i-faellesskaber\/","name":"Algae Food bei den S\u00fcdj\u00fctland-Meisterschaften \"S\u00f8nderjyske mesterskaber i F\u00e6llesskaber\" | AlgaeFood","isPartOf":{"@id":"https:\/\/algaefood.eu\/#website"},"primaryImageOfPage":{"@id":"https:\/\/algaefood.eu\/event\/algae-food-bei-den-suedjuetland-meisterschaften-sonderjyske-mesterskaber-i-faellesskaber\/#primaryimage"},"image":{"@id":"https:\/\/algaefood.eu\/event\/algae-food-bei-den-suedjuetland-meisterschaften-sonderjyske-mesterskaber-i-faellesskaber\/#primaryimage"},"thumbnailUrl":"https:\/\/algaefood.eu\/wp-content\/uploads\/2025\/12\/Kalvo-2-scaled.jpg","datePublished":"2025-12-09T09:53:07+00:00","breadcrumb":{"@id":"https:\/\/algaefood.eu\/event\/algae-food-bei-den-suedjuetland-meisterschaften-sonderjyske-mesterskaber-i-faellesskaber\/#breadcrumb"},"inLanguage":"da-DK","potentialAction":[{"@type":"ReadAction","target":["https:\/\/algaefood.eu\/event\/algae-food-bei-den-suedjuetland-meisterschaften-sonderjyske-mesterskaber-i-faellesskaber\/"]}]},{"@type":"ImageObject","inLanguage":"da-DK","@id":"https:\/\/algaefood.eu\/event\/algae-food-bei-den-suedjuetland-meisterschaften-sonderjyske-mesterskaber-i-faellesskaber\/#primaryimage","url":"https:\/\/algaefood.eu\/wp-content\/uploads\/2025\/12\/Kalvo-2-scaled.jpg","contentUrl":"https:\/\/algaefood.eu\/wp-content\/uploads\/2025\/12\/Kalvo-2-scaled.jpg","width":2560,"height":1920},{"@type":"BreadcrumbList","@id":"https:\/\/algaefood.eu\/event\/algae-food-bei-den-suedjuetland-meisterschaften-sonderjyske-mesterskaber-i-faellesskaber\/#breadcrumb","itemListElement":[{"@type":"ListItem","position":1,"name":"Home","item":"https:\/\/algaefood.eu\/"},{"@type":"ListItem","position":2,"name":"Events","item":"https:\/\/algaefood.eu\/events\/"},{"@type":"ListItem","position":3,"name":"Algae Food bei den S\u00fcdj\u00fctland-Meisterschaften &#8220;S\u00f8nderjyske mesterskaber i F\u00e6llesskaber&#8221;"}]},{"@type":"WebSite","@id":"https:\/\/algaefood.eu\/#website","url":"https:\/\/algaefood.eu\/","name":"AlgerMad","description":"AlgeFood | AlgeFood | Algemad","publisher":{"@id":"https:\/\/algaefood.eu\/#organization"},"alternateName":"Algae Food","potentialAction":[{"@type":"SearchAction","target":{"@type":"EntryPoint","urlTemplate":"https:\/\/algaefood.eu\/?s={search_term_string}"},"query-input":{"@type":"PropertyValueSpecification","valueRequired":true,"valueName":"search_term_string"}}],"inLanguage":"da-DK"},{"@type":"Organization","@id":"https:\/\/algaefood.eu\/#organization","name":"Alge-madprojektet","url":"https:\/\/algaefood.eu\/","logo":{"@type":"ImageObject","inLanguage":"da-DK","@id":"https:\/\/algaefood.eu\/#\/schema\/logo\/image\/","url":"https:\/\/algaefood.eu\/wp-content\/uploads\/2024\/09\/AlgaeFood-Logo-green1-circle.png","contentUrl":"https:\/\/algaefood.eu\/wp-content\/uploads\/2024\/09\/AlgaeFood-Logo-green1-circle.png","width":560,"height":530,"caption":"Algae Food Project"},"image":{"@id":"https:\/\/algaefood.eu\/#\/schema\/logo\/image\/"},"sameAs":["https:\/\/www.instagram.com\/algaefood_interreg\/"]}]}},"_links":{"self":[{"href":"https:\/\/algaefood.eu\/da\/wp-json\/wp\/v2\/tribe_events\/1761","targetHints":{"allow":["GET"]}}],"collection":[{"href":"https:\/\/algaefood.eu\/da\/wp-json\/wp\/v2\/tribe_events"}],"about":[{"href":"https:\/\/algaefood.eu\/da\/wp-json\/wp\/v2\/types\/tribe_events"}],"author":[{"embeddable":true,"href":"https:\/\/algaefood.eu\/da\/wp-json\/wp\/v2\/users\/1"}],"version-history":[{"count":1,"href":"https:\/\/algaefood.eu\/da\/wp-json\/wp\/v2\/tribe_events\/1761\/revisions"}],"predecessor-version":[{"id":1763,"href":"https:\/\/algaefood.eu\/da\/wp-json\/wp\/v2\/tribe_events\/1761\/revisions\/1763"}],"wp:featuredmedia":[{"embeddable":true,"href":"https:\/\/algaefood.eu\/da\/wp-json\/wp\/v2\/media\/1762"}],"wp:attachment":[{"href":"https:\/\/algaefood.eu\/da\/wp-json\/wp\/v2\/media?parent=1761"}],"wp:term":[{"taxonomy":"post_tag","embeddable":true,"href":"https:\/\/algaefood.eu\/da\/wp-json\/wp\/v2\/tags?post=1761"},{"taxonomy":"tribe_events_cat","embeddable":true,"href":"https:\/\/algaefood.eu\/da\/wp-json\/wp\/v2\/tribe_events_cat?post=1761"}],"curies":[{"name":"wp","href":"https:\/\/api.w.org\/{rel}","templated":true}]}}

Algemad ved de Sønderjyske mesterskaber i Fællesskaber

<p>AlgaeFood deltog i festivalen "Sønderjyske mesterskaber i Fællesskaber" på Kalvø. Der blev serveret smagsprøver på tang og fortalt om tangens positive egenskaber og virkninger på havmiljøet. Smagsprøverne blev positivt modtaget og flere begav sig ned  til stranden for selv at samle den lokale tang.</p>

<p>AlgaeFood nahm am Festival „Sønderjyske mesterskaber i Fællesskaber” (Südjütland-Meisterschaften in den Gemeinden) auf Kalvø teil. Dort wurden Kostproben von Seetang serviert und über die positiven Eigenschaften und Auswirkungen von Seetang [&hellip;]</p>

<!-- This site is optimized with the Yoast SEO plugin v27.5 - https://yoast.com/product/yoast-seo-wordpress/ -->
<title>Algae Food bei den Südjütland-Meisterschaften &quot;Sønderjyske mesterskaber i Fællesskaber&quot; | AlgaeFood</title>
<meta name="robots" content="index, follow, max-snippet:-1, max-image-preview:large, max-video-preview:-1" />
<link rel="canonical" href="https://algaefood.eu/da/event/algae-food-bei-den-suedjuetland-meisterschaften-sonderjyske-mesterskaber-i-faellesskaber/" />
<meta property="og:locale" content="da_DK" />
<meta property="og:type" content="article" />
<meta property="og:title" content="Algae Food bei den Südjütland-Meisterschaften &quot;Sønderjyske mesterskaber i Fællesskaber&quot; | AlgaeFood" />
<meta property="og:description" content="AlgaeFood nahm am Festival „Sønderjyske mesterskaber i Fællesskaber” (Südjütland-Meisterschaften in den Gemeinden) auf Kalvø teil. Dort wurden Kostproben von Seetang serviert und über die positiven Eigenschaften und Auswirkungen von Seetang [&hellip;]" />
<meta property="og:url" content="https://algaefood.eu/da/event/algae-food-bei-den-suedjuetland-meisterschaften-sonderjyske-mesterskaber-i-faellesskaber/" />
<meta property="og:site_name" content="AlgaeFood" />
<meta property="og:image" content="https://algaefood.eu/wp-content/uploads/2025/12/Kalvo-2-scaled.jpg" />
	<meta property="og:image:width" content="2560" />
	<meta property="og:image:height" content="1920" />
	<meta property="og:image:type" content="image/jpeg" />
<meta name="twitter:card" content="summary_large_image" />
<meta name="twitter:label1" content="Estimeret læsetid" />
	<meta name="twitter:data1" content="1 minut" />
<script type="application/ld+json" class="yoast-schema-graph">{"@context":"https:\/\/schema.org","@graph":[{"@type":"WebPage","@id":"https:\/\/algaefood.eu\/event\/algae-food-bei-den-suedjuetland-meisterschaften-sonderjyske-mesterskaber-i-faellesskaber\/","url":"https:\/\/algaefood.eu\/event\/algae-food-bei-den-suedjuetland-meisterschaften-sonderjyske-mesterskaber-i-faellesskaber\/","name":"Algae Food bei den Südjütland-Meisterschaften \"Sønderjyske mesterskaber i Fællesskaber\" | AlgaeFood","isPartOf":{"@id":"https:\/\/algaefood.eu\/#website"},"primaryImageOfPage":{"@id":"https:\/\/algaefood.eu\/event\/algae-food-bei-den-suedjuetland-meisterschaften-sonderjyske-mesterskaber-i-faellesskaber\/#primaryimage"},"image":{"@id":"https:\/\/algaefood.eu\/event\/algae-food-bei-den-suedjuetland-meisterschaften-sonderjyske-mesterskaber-i-faellesskaber\/#primaryimage"},"thumbnailUrl":"https:\/\/algaefood.eu\/wp-content\/uploads\/2025\/12\/Kalvo-2-scaled.jpg","datePublished":"2025-12-09T09:53:07+00:00","breadcrumb":{"@id":"https:\/\/algaefood.eu\/event\/algae-food-bei-den-suedjuetland-meisterschaften-sonderjyske-mesterskaber-i-faellesskaber\/#breadcrumb"},"inLanguage":"da-DK","potentialAction":[{"@type":"ReadAction","target":["https:\/\/algaefood.eu\/event\/algae-food-bei-den-suedjuetland-meisterschaften-sonderjyske-mesterskaber-i-faellesskaber\/"]}]},{"@type":"ImageObject","inLanguage":"da-DK","@id":"https:\/\/algaefood.eu\/event\/algae-food-bei-den-suedjuetland-meisterschaften-sonderjyske-mesterskaber-i-faellesskaber\/#primaryimage","url":"https:\/\/algaefood.eu\/wp-content\/uploads\/2025\/12\/Kalvo-2-scaled.jpg","contentUrl":"https:\/\/algaefood.eu\/wp-content\/uploads\/2025\/12\/Kalvo-2-scaled.jpg","width":2560,"height":1920},{"@type":"BreadcrumbList","@id":"https:\/\/algaefood.eu\/event\/algae-food-bei-den-suedjuetland-meisterschaften-sonderjyske-mesterskaber-i-faellesskaber\/#breadcrumb","itemListElement":[{"@type":"ListItem","position":1,"name":"Home","item":"https:\/\/algaefood.eu\/"},{"@type":"ListItem","position":2,"name":"Events","item":"https:\/\/algaefood.eu\/events\/"},{"@type":"ListItem","position":3,"name":"Algae Food bei den Südjütland-Meisterschaften &#8220;Sønderjyske mesterskaber i Fællesskaber&#8221;"}]},{"@type":"WebSite","@id":"https:\/\/algaefood.eu\/#website","url":"https:\/\/algaefood.eu\/","name":"AlgaeFood","description":"AlgaeFood | Algenfutter | Algemad","publisher":{"@id":"https:\/\/algaefood.eu\/#organization"},"alternateName":"Algae Food","potentialAction":[{"@type":"SearchAction","target":{"@type":"EntryPoint","urlTemplate":"https:\/\/algaefood.eu\/?s={search_term_string}"},"query-input":{"@type":"PropertyValueSpecification","valueRequired":true,"valueName":"search_term_string"}}],"inLanguage":"da-DK"},{"@type":"Organization","@id":"https:\/\/algaefood.eu\/#organization","name":"Algae Food Project","url":"https:\/\/algaefood.eu\/","logo":{"@type":"ImageObject","inLanguage":"da-DK","@id":"https:\/\/algaefood.eu\/#\/schema\/logo\/image\/","url":"https:\/\/algaefood.eu\/wp-content\/uploads\/2024\/09\/AlgaeFood-Logo-green1-circle.png","contentUrl":"https:\/\/algaefood.eu\/wp-content\/uploads\/2024\/09\/AlgaeFood-Logo-green1-circle.png","width":560,"height":530,"caption":"Algae Food Project"},"image":{"@id":"https:\/\/algaefood.eu\/#\/schema\/logo\/image\/"},"sameAs":["https:\/\/www.instagram.com\/algaefood_interreg\/"]}]}</script>
<!-- / Yoast SEO plugin. -->

Algae Food bei den Südjütland-Meisterschaften "Sønderjyske mesterskaber i Fællesskaber" | AlgaeFood

AlgaeFood nahm am Festival „Sønderjyske mesterskaber i Fællesskaber” (Südjütland-Meisterschaften in den Gemeinden) auf Kalvø teil. Dort wurden Kostproben von Seetang serviert und über die positiven Eigenschaften und Auswirkungen von Seetang [&hellip;]

Algae Food bei den Südjütland-Meisterschaften &#8220;Sønderjyske mesterskaber i Fællesskaber&#8221;
