{"id":1602,"date":"2025-07-29T09:11:10","date_gmt":"2025-07-29T09:11:10","guid":{"rendered":"https:\/\/algaefood.eu\/?post_type=tribe_events&#038;p=1602"},"modified":"2025-07-29T09:22:50","modified_gmt":"2025-07-29T09:22:50","slug":"kulinarisk-sydfyns","status":"publish","type":"tribe_events","link":"https:\/\/algaefood.eu\/de\/event\/kulinarisk-sydfyns\/","title":{"rendered":"Kulinarisk Sydfyns"},"content":{"rendered":"<p>AlgaeFood spielte eine wichtige Rolle auf dem gro\u00dfen Lebensmittelmarkt von Kulinarisk Sydfyn in Svendborg vom 28. bis 29. Juni 2025. Algen waren das wiederkehrende Thema auf dem Markt, der einer der gr\u00f6\u00dften in D\u00e4nemark ist. Nicht weniger als 7 Lebensmittelhersteller stellten verschiedene Algenprodukte vor.<\/p>\n<p>Ein ganz besonderes Erlebnis bot sich den G\u00e4sten, als der renommierte Koch Daniel Guldmann, der die d\u00e4nische kulinarische Nationalmannschaft trainiert, zusammen mit dem Restaurant &#8222;Vi To&#8220; aus Svendborg, Skar\u00f8 Eis und Havsmag von Langeland \ud83e\udd29 mit Algen kulinarische Wunderwerke kreierte.<\/p>\n<p>Am Kai wurden lange Tische aufgestellt und vier Gerichte mit nordischem Seetang zum Mittagessen serviert.<br \/>\n\ud83c\udf31\ud83d\udc4c<\/p>\n<p>\u2b50\ufe0f MEN\u00dc \u2b50\ufe0f<\/p>\n<p>\ud83d\udc68\u200d\ud83c\udf73 Seelachsfilet in Seetangpesto auf knuspriger Basis mit Meerrettichbutter und Rote-Bete-Creme<\/p>\n<p>\ud83d\udc68\u200d\ud83c\udf73 Eingelegter gegrillter Spargel mit pochiertem Ei, ger\u00e4ucherter Seetang-Hollandaise und Seetangsalat<\/p>\n<p>\ud83d\udc68\u200d\ud83c\udf73 Seeteufel mit in Butter eingelegtem Pilz und Seetangbr\u00fche auf Seetangf\u00e4den, Haseln\u00fcssen und Salzkraut. Serviert mit gegrilltem Salat mit Meeres-Senf-Vinaigrette<\/p>\n<p>\ud83d\udc68\u200d\ud83c\udf73 Eis mit und ohne Seetang von der Insel Skar\u00f8, serviert mit s\u00fc\u00dfen Erdbeeren<\/p>\n<p>Am Sonntag hatten die Marktbesucher die Gelegenheit, sich selbst am Zubereiten von Algen zu versuchen. Besonderes Interesse galt dem Einlegen von Blasentang, zubereitet so wie auch Oma fr\u00fcher Gurken in einer s\u00fc\u00df-sauren, pikanten Essigsauce eingelegt hat.<br \/>\nEs wird gesch\u00e4tzt, dass 5 &#8211; 6.000 G\u00e4ste den Markt besucht haben.<\/p>\n","protected":false},"excerpt":{"rendered":"<p>AlgaeFood spielte eine wichtige Rolle auf dem gro\u00dfen Lebensmittelmarkt von Kulinarisk Sydfyn in Svendborg vom 28. bis 29. Juni 2025. Algen waren das wiederkehrende Thema auf dem Markt, der einer [&hellip;]<\/p>\n","protected":false},"author":1,"featured_media":1603,"template":"","meta":{"_tribe_events_status":"","_tribe_events_status_reason":"","footnotes":""},"tags":[],"tribe_events_cat":[],"class_list":["post-1602","tribe_events","type-tribe_events","status-publish","has-post-thumbnail","hentry"],"yoast_head":"<!-- This site is optimized with the Yoast SEO plugin v27.5 - https:\/\/yoast.com\/product\/yoast-seo-wordpress\/ -->\n<title>Kulinarisk Sydfyns | AlgaeFood<\/title>\n<meta name=\"robots\" content=\"index, follow, max-snippet:-1, max-image-preview:large, max-video-preview:-1\" \/>\n<link rel=\"canonical\" href=\"https:\/\/algaefood.eu\/de\/event\/kulinarisk-sydfyns\/\" \/>\n<meta property=\"og:locale\" content=\"de_DE\" \/>\n<meta property=\"og:type\" content=\"article\" \/>\n<meta property=\"og:title\" content=\"Kulinarisk Sydfyns | AlgaeFood\" \/>\n<meta property=\"og:description\" content=\"AlgaeFood spielte eine wichtige Rolle auf dem gro\u00dfen Lebensmittelmarkt von Kulinarisk Sydfyn in Svendborg vom 28. bis 29. Juni 2025. Algen waren das wiederkehrende Thema auf dem Markt, der einer [&hellip;]\" \/>\n<meta property=\"og:url\" content=\"https:\/\/algaefood.eu\/de\/event\/kulinarisk-sydfyns\/\" \/>\n<meta property=\"og:site_name\" content=\"AlgaeFood\" \/>\n<meta property=\"article:modified_time\" content=\"2025-07-29T09:22:50+00:00\" \/>\n<meta property=\"og:image\" content=\"https:\/\/algaefood.eu\/wp-content\/uploads\/2025\/07\/Kulinarisk-Sydfyn-28.-29.6.-2_4298-scaled.jpg\" \/>\n\t<meta property=\"og:image:width\" content=\"2560\" \/>\n\t<meta property=\"og:image:height\" content=\"1920\" \/>\n\t<meta property=\"og:image:type\" content=\"image\/jpeg\" \/>\n<meta name=\"twitter:card\" content=\"summary_large_image\" \/>\n<meta name=\"twitter:label1\" content=\"Gesch\u00e4tzte Lesezeit\" \/>\n\t<meta name=\"twitter:data1\" content=\"2\u00a0Minuten\" \/>\n<script type=\"application\/ld+json\" class=\"yoast-schema-graph\">{\"@context\":\"https:\\\/\\\/schema.org\",\"@graph\":[{\"@type\":\"WebPage\",\"@id\":\"https:\\\/\\\/algaefood.eu\\\/event\\\/kulinarisk-sydfyns\\\/\",\"url\":\"https:\\\/\\\/algaefood.eu\\\/event\\\/kulinarisk-sydfyns\\\/\",\"name\":\"Kulinarisk Sydfyns | AlgaeFood\",\"isPartOf\":{\"@id\":\"https:\\\/\\\/algaefood.eu\\\/#website\"},\"primaryImageOfPage\":{\"@id\":\"https:\\\/\\\/algaefood.eu\\\/event\\\/kulinarisk-sydfyns\\\/#primaryimage\"},\"image\":{\"@id\":\"https:\\\/\\\/algaefood.eu\\\/event\\\/kulinarisk-sydfyns\\\/#primaryimage\"},\"thumbnailUrl\":\"https:\\\/\\\/algaefood.eu\\\/wp-content\\\/uploads\\\/2025\\\/07\\\/Kulinarisk-Sydfyn-28.-29.6.-2_4298-scaled.jpg\",\"datePublished\":\"2025-07-29T09:11:10+00:00\",\"dateModified\":\"2025-07-29T09:22:50+00:00\",\"breadcrumb\":{\"@id\":\"https:\\\/\\\/algaefood.eu\\\/event\\\/kulinarisk-sydfyns\\\/#breadcrumb\"},\"inLanguage\":\"de\",\"potentialAction\":[{\"@type\":\"ReadAction\",\"target\":[\"https:\\\/\\\/algaefood.eu\\\/event\\\/kulinarisk-sydfyns\\\/\"]}]},{\"@type\":\"ImageObject\",\"inLanguage\":\"de\",\"@id\":\"https:\\\/\\\/algaefood.eu\\\/event\\\/kulinarisk-sydfyns\\\/#primaryimage\",\"url\":\"https:\\\/\\\/algaefood.eu\\\/wp-content\\\/uploads\\\/2025\\\/07\\\/Kulinarisk-Sydfyn-28.-29.6.-2_4298-scaled.jpg\",\"contentUrl\":\"https:\\\/\\\/algaefood.eu\\\/wp-content\\\/uploads\\\/2025\\\/07\\\/Kulinarisk-Sydfyn-28.-29.6.-2_4298-scaled.jpg\",\"width\":2560,\"height\":1920},{\"@type\":\"BreadcrumbList\",\"@id\":\"https:\\\/\\\/algaefood.eu\\\/event\\\/kulinarisk-sydfyns\\\/#breadcrumb\",\"itemListElement\":[{\"@type\":\"ListItem\",\"position\":1,\"name\":\"Home\",\"item\":\"https:\\\/\\\/algaefood.eu\\\/\"},{\"@type\":\"ListItem\",\"position\":2,\"name\":\"Events\",\"item\":\"https:\\\/\\\/algaefood.eu\\\/events\\\/\"},{\"@type\":\"ListItem\",\"position\":3,\"name\":\"Kulinarisk Sydfyns\"}]},{\"@type\":\"WebSite\",\"@id\":\"https:\\\/\\\/algaefood.eu\\\/#website\",\"url\":\"https:\\\/\\\/algaefood.eu\\\/\",\"name\":\"AlgaeFood\",\"description\":\"AlgaeFood | Algenfutter | Algemad\",\"publisher\":{\"@id\":\"https:\\\/\\\/algaefood.eu\\\/#organization\"},\"alternateName\":\"Algae Food\",\"potentialAction\":[{\"@type\":\"SearchAction\",\"target\":{\"@type\":\"EntryPoint\",\"urlTemplate\":\"https:\\\/\\\/algaefood.eu\\\/?s={search_term_string}\"},\"query-input\":{\"@type\":\"PropertyValueSpecification\",\"valueRequired\":true,\"valueName\":\"search_term_string\"}}],\"inLanguage\":\"de\"},{\"@type\":\"Organization\",\"@id\":\"https:\\\/\\\/algaefood.eu\\\/#organization\",\"name\":\"Algae Food Project\",\"url\":\"https:\\\/\\\/algaefood.eu\\\/\",\"logo\":{\"@type\":\"ImageObject\",\"inLanguage\":\"de\",\"@id\":\"https:\\\/\\\/algaefood.eu\\\/#\\\/schema\\\/logo\\\/image\\\/\",\"url\":\"https:\\\/\\\/algaefood.eu\\\/wp-content\\\/uploads\\\/2024\\\/09\\\/AlgaeFood-Logo-green1-circle.png\",\"contentUrl\":\"https:\\\/\\\/algaefood.eu\\\/wp-content\\\/uploads\\\/2024\\\/09\\\/AlgaeFood-Logo-green1-circle.png\",\"width\":560,\"height\":530,\"caption\":\"Algae Food Project\"},\"image\":{\"@id\":\"https:\\\/\\\/algaefood.eu\\\/#\\\/schema\\\/logo\\\/image\\\/\"},\"sameAs\":[\"https:\\\/\\\/www.instagram.com\\\/algaefood_interreg\\\/\"]}]}<\/script>\n<!-- \/ Yoast SEO plugin. -->","yoast_head_json":{"title":"Kulinarisk Sydfyns | AlgaeFood","robots":{"index":"index","follow":"follow","max-snippet":"max-snippet:-1","max-image-preview":"max-image-preview:large","max-video-preview":"max-video-preview:-1"},"canonical":"https:\/\/algaefood.eu\/de\/event\/kulinarisk-sydfyns\/","og_locale":"de_DE","og_type":"article","og_title":"Kulinarisk Sydfyns | AlgaeFood","og_description":"AlgaeFood spielte eine wichtige Rolle auf dem gro\u00dfen Lebensmittelmarkt von Kulinarisk Sydfyn in Svendborg vom 28. bis 29. Juni 2025. Algen waren das wiederkehrende Thema auf dem Markt, der einer [&hellip;]","og_url":"https:\/\/algaefood.eu\/de\/event\/kulinarisk-sydfyns\/","og_site_name":"AlgaeFood","article_modified_time":"2025-07-29T09:22:50+00:00","og_image":[{"width":2560,"height":1920,"url":"https:\/\/algaefood.eu\/wp-content\/uploads\/2025\/07\/Kulinarisk-Sydfyn-28.-29.6.-2_4298-scaled.jpg","type":"image\/jpeg"}],"twitter_card":"summary_large_image","twitter_misc":{"Gesch\u00e4tzte Lesezeit":"2\u00a0Minuten"},"schema":{"@context":"https:\/\/schema.org","@graph":[{"@type":"WebPage","@id":"https:\/\/algaefood.eu\/event\/kulinarisk-sydfyns\/","url":"https:\/\/algaefood.eu\/event\/kulinarisk-sydfyns\/","name":"Kulinarisk Sydfyns | AlgaeFood","isPartOf":{"@id":"https:\/\/algaefood.eu\/#website"},"primaryImageOfPage":{"@id":"https:\/\/algaefood.eu\/event\/kulinarisk-sydfyns\/#primaryimage"},"image":{"@id":"https:\/\/algaefood.eu\/event\/kulinarisk-sydfyns\/#primaryimage"},"thumbnailUrl":"https:\/\/algaefood.eu\/wp-content\/uploads\/2025\/07\/Kulinarisk-Sydfyn-28.-29.6.-2_4298-scaled.jpg","datePublished":"2025-07-29T09:11:10+00:00","dateModified":"2025-07-29T09:22:50+00:00","breadcrumb":{"@id":"https:\/\/algaefood.eu\/event\/kulinarisk-sydfyns\/#breadcrumb"},"inLanguage":"de","potentialAction":[{"@type":"ReadAction","target":["https:\/\/algaefood.eu\/event\/kulinarisk-sydfyns\/"]}]},{"@type":"ImageObject","inLanguage":"de","@id":"https:\/\/algaefood.eu\/event\/kulinarisk-sydfyns\/#primaryimage","url":"https:\/\/algaefood.eu\/wp-content\/uploads\/2025\/07\/Kulinarisk-Sydfyn-28.-29.6.-2_4298-scaled.jpg","contentUrl":"https:\/\/algaefood.eu\/wp-content\/uploads\/2025\/07\/Kulinarisk-Sydfyn-28.-29.6.-2_4298-scaled.jpg","width":2560,"height":1920},{"@type":"BreadcrumbList","@id":"https:\/\/algaefood.eu\/event\/kulinarisk-sydfyns\/#breadcrumb","itemListElement":[{"@type":"ListItem","position":1,"name":"Home","item":"https:\/\/algaefood.eu\/"},{"@type":"ListItem","position":2,"name":"Events","item":"https:\/\/algaefood.eu\/events\/"},{"@type":"ListItem","position":3,"name":"Kulinarisk Sydfyns"}]},{"@type":"WebSite","@id":"https:\/\/algaefood.eu\/#website","url":"https:\/\/algaefood.eu\/","name":"AlgaeFood","description":"AlgaeFood | Algenfutter | Algemad","publisher":{"@id":"https:\/\/algaefood.eu\/#organization"},"alternateName":"Algae Food","potentialAction":[{"@type":"SearchAction","target":{"@type":"EntryPoint","urlTemplate":"https:\/\/algaefood.eu\/?s={search_term_string}"},"query-input":{"@type":"PropertyValueSpecification","valueRequired":true,"valueName":"search_term_string"}}],"inLanguage":"de"},{"@type":"Organization","@id":"https:\/\/algaefood.eu\/#organization","name":"Algae Food Project","url":"https:\/\/algaefood.eu\/","logo":{"@type":"ImageObject","inLanguage":"de","@id":"https:\/\/algaefood.eu\/#\/schema\/logo\/image\/","url":"https:\/\/algaefood.eu\/wp-content\/uploads\/2024\/09\/AlgaeFood-Logo-green1-circle.png","contentUrl":"https:\/\/algaefood.eu\/wp-content\/uploads\/2024\/09\/AlgaeFood-Logo-green1-circle.png","width":560,"height":530,"caption":"Algae Food Project"},"image":{"@id":"https:\/\/algaefood.eu\/#\/schema\/logo\/image\/"},"sameAs":["https:\/\/www.instagram.com\/algaefood_interreg\/"]}]}},"_links":{"self":[{"href":"https:\/\/algaefood.eu\/de\/wp-json\/wp\/v2\/tribe_events\/1602","targetHints":{"allow":["GET"]}}],"collection":[{"href":"https:\/\/algaefood.eu\/de\/wp-json\/wp\/v2\/tribe_events"}],"about":[{"href":"https:\/\/algaefood.eu\/de\/wp-json\/wp\/v2\/types\/tribe_events"}],"author":[{"embeddable":true,"href":"https:\/\/algaefood.eu\/de\/wp-json\/wp\/v2\/users\/1"}],"version-history":[{"count":5,"href":"https:\/\/algaefood.eu\/de\/wp-json\/wp\/v2\/tribe_events\/1602\/revisions"}],"predecessor-version":[{"id":1608,"href":"https:\/\/algaefood.eu\/de\/wp-json\/wp\/v2\/tribe_events\/1602\/revisions\/1608"}],"wp:featuredmedia":[{"embeddable":true,"href":"https:\/\/algaefood.eu\/de\/wp-json\/wp\/v2\/media\/1603"}],"wp:attachment":[{"href":"https:\/\/algaefood.eu\/de\/wp-json\/wp\/v2\/media?parent=1602"}],"wp:term":[{"taxonomy":"post_tag","embeddable":true,"href":"https:\/\/algaefood.eu\/de\/wp-json\/wp\/v2\/tags?post=1602"},{"taxonomy":"tribe_events_cat","embeddable":true,"href":"https:\/\/algaefood.eu\/de\/wp-json\/wp\/v2\/tribe_events_cat?post=1602"}],"curies":[{"name":"wp","href":"https:\/\/api.w.org\/{rel}","templated":true}]}}

<p>AlgaeFood spielte eine wichtige Rolle auf dem großen Lebensmittelmarkt von Kulinarisk Sydfyn in Svendborg vom 28. bis 29. Juni 2025. Algen waren das wiederkehrende Thema auf dem Markt, der einer der größten in Dänemark ist. Nicht weniger als 7 Lebensmittelhersteller stellten verschiedene Algenprodukte vor.</p>
<p>Ein ganz besonderes Erlebnis bot sich den Gästen, als der renommierte Koch Daniel Guldmann, der die dänische kulinarische Nationalmannschaft trainiert, zusammen mit dem Restaurant &#8222;Vi To&#8220; aus Svendborg, Skarø Eis und Havsmag von Langeland 🤩 mit Algen kulinarische Wunderwerke kreierte.</p>
<p>Am Kai wurden lange Tische aufgestellt und vier Gerichte mit nordischem Seetang zum Mittagessen serviert.<br />
🌱👌</p>
<p>⭐️ MENÜ ⭐️</p>
<p>👨‍🍳 Seelachsfilet in Seetangpesto auf knuspriger Basis mit Meerrettichbutter und Rote-Bete-Creme</p>
<p>👨‍🍳 Eingelegter gegrillter Spargel mit pochiertem Ei, geräucherter Seetang-Hollandaise und Seetangsalat</p>
<p>👨‍🍳 Seeteufel mit in Butter eingelegtem Pilz und Seetangbrühe auf Seetangfäden, Haselnüssen und Salzkraut. Serviert mit gegrilltem Salat mit Meeres-Senf-Vinaigrette</p>
<p>👨‍🍳 Eis mit und ohne Seetang von der Insel Skarø, serviert mit süßen Erdbeeren</p>
<p>Am Sonntag hatten die Marktbesucher die Gelegenheit, sich selbst am Zubereiten von Algen zu versuchen. Besonderes Interesse galt dem Einlegen von Blasentang, zubereitet so wie auch Oma früher Gurken in einer süß-sauren, pikanten Essigsauce eingelegt hat.<br />
Es wird geschätzt, dass 5 &#8211; 6.000 Gäste den Markt besucht haben.</p>

<p>AlgaeFood spielte eine wichtige Rolle auf dem großen Lebensmittelmarkt von Kulinarisk Sydfyn in Svendborg vom 28. bis 29. Juni 2025. Algen waren das wiederkehrende Thema auf dem Markt, der einer [&hellip;]</p>

<!-- This site is optimized with the Yoast SEO plugin v27.5 - https://yoast.com/product/yoast-seo-wordpress/ -->
<title>Kulinarisk Sydfyns | AlgaeFood</title>
<meta name="robots" content="index, follow, max-snippet:-1, max-image-preview:large, max-video-preview:-1" />
<link rel="canonical" href="https://algaefood.eu/de/event/kulinarisk-sydfyns/" />
<meta property="og:locale" content="de_DE" />
<meta property="og:type" content="article" />
<meta property="og:title" content="Kulinarisk Sydfyns | AlgaeFood" />
<meta property="og:description" content="AlgaeFood spielte eine wichtige Rolle auf dem großen Lebensmittelmarkt von Kulinarisk Sydfyn in Svendborg vom 28. bis 29. Juni 2025. Algen waren das wiederkehrende Thema auf dem Markt, der einer [&hellip;]" />
<meta property="og:url" content="https://algaefood.eu/de/event/kulinarisk-sydfyns/" />
<meta property="og:site_name" content="AlgaeFood" />
<meta property="article:modified_time" content="2025-07-29T09:22:50+00:00" />
<meta property="og:image" content="https://algaefood.eu/wp-content/uploads/2025/07/Kulinarisk-Sydfyn-28.-29.6.-2_4298-scaled.jpg" />
	<meta property="og:image:width" content="2560" />
	<meta property="og:image:height" content="1920" />
	<meta property="og:image:type" content="image/jpeg" />
<meta name="twitter:card" content="summary_large_image" />
<meta name="twitter:label1" content="Geschätzte Lesezeit" />
	<meta name="twitter:data1" content="2 Minuten" />
<script type="application/ld+json" class="yoast-schema-graph">{"@context":"https:\/\/schema.org","@graph":[{"@type":"WebPage","@id":"https:\/\/algaefood.eu\/event\/kulinarisk-sydfyns\/","url":"https:\/\/algaefood.eu\/event\/kulinarisk-sydfyns\/","name":"Kulinarisk Sydfyns | AlgaeFood","isPartOf":{"@id":"https:\/\/algaefood.eu\/#website"},"primaryImageOfPage":{"@id":"https:\/\/algaefood.eu\/event\/kulinarisk-sydfyns\/#primaryimage"},"image":{"@id":"https:\/\/algaefood.eu\/event\/kulinarisk-sydfyns\/#primaryimage"},"thumbnailUrl":"https:\/\/algaefood.eu\/wp-content\/uploads\/2025\/07\/Kulinarisk-Sydfyn-28.-29.6.-2_4298-scaled.jpg","datePublished":"2025-07-29T09:11:10+00:00","dateModified":"2025-07-29T09:22:50+00:00","breadcrumb":{"@id":"https:\/\/algaefood.eu\/event\/kulinarisk-sydfyns\/#breadcrumb"},"inLanguage":"de","potentialAction":[{"@type":"ReadAction","target":["https:\/\/algaefood.eu\/event\/kulinarisk-sydfyns\/"]}]},{"@type":"ImageObject","inLanguage":"de","@id":"https:\/\/algaefood.eu\/event\/kulinarisk-sydfyns\/#primaryimage","url":"https:\/\/algaefood.eu\/wp-content\/uploads\/2025\/07\/Kulinarisk-Sydfyn-28.-29.6.-2_4298-scaled.jpg","contentUrl":"https:\/\/algaefood.eu\/wp-content\/uploads\/2025\/07\/Kulinarisk-Sydfyn-28.-29.6.-2_4298-scaled.jpg","width":2560,"height":1920},{"@type":"BreadcrumbList","@id":"https:\/\/algaefood.eu\/event\/kulinarisk-sydfyns\/#breadcrumb","itemListElement":[{"@type":"ListItem","position":1,"name":"Home","item":"https:\/\/algaefood.eu\/"},{"@type":"ListItem","position":2,"name":"Events","item":"https:\/\/algaefood.eu\/events\/"},{"@type":"ListItem","position":3,"name":"Kulinarisk Sydfyns"}]},{"@type":"WebSite","@id":"https:\/\/algaefood.eu\/#website","url":"https:\/\/algaefood.eu\/","name":"AlgaeFood","description":"AlgaeFood | Algenfutter | Algemad","publisher":{"@id":"https:\/\/algaefood.eu\/#organization"},"alternateName":"Algae Food","potentialAction":[{"@type":"SearchAction","target":{"@type":"EntryPoint","urlTemplate":"https:\/\/algaefood.eu\/?s={search_term_string}"},"query-input":{"@type":"PropertyValueSpecification","valueRequired":true,"valueName":"search_term_string"}}],"inLanguage":"de"},{"@type":"Organization","@id":"https:\/\/algaefood.eu\/#organization","name":"Algae Food Project","url":"https:\/\/algaefood.eu\/","logo":{"@type":"ImageObject","inLanguage":"de","@id":"https:\/\/algaefood.eu\/#\/schema\/logo\/image\/","url":"https:\/\/algaefood.eu\/wp-content\/uploads\/2024\/09\/AlgaeFood-Logo-green1-circle.png","contentUrl":"https:\/\/algaefood.eu\/wp-content\/uploads\/2024\/09\/AlgaeFood-Logo-green1-circle.png","width":560,"height":530,"caption":"Algae Food Project"},"image":{"@id":"https:\/\/algaefood.eu\/#\/schema\/logo\/image\/"},"sameAs":["https:\/\/www.instagram.com\/algaefood_interreg\/"]}]}</script>
<!-- / Yoast SEO plugin. -->

AlgaeFood spielte eine wichtige Rolle auf dem großen Lebensmittelmarkt von Kulinarisk Sydfyn in Svendborg vom 28. bis 29. Juni 2025. Algen waren das wiederkehrende Thema auf dem Markt, der einer [&hellip;]
